
1456
What is the remainder when 2385466 is divided by 67?
65
Calculate the remainder when 213960 is divided by 238.
236
Calculate the remainder when 64295 is divided by 36.
35
What is the remainder when 1018 is divided by 97?
48
Calculate the remainder when 21260 is divided by 433.
43
Calculate the remainder when 147163 is divided by 3773.
16
Calculate the remainder when 22916 is divided by 11438.
40
What is the remainder when 7653 is divided by 88?
85
What is the remainder when 1573 is divided by 1515?
58
What is the remainder when 1206 is divided by 586?
34
What is the remainder when 7337 is divided by 44?
33
Calculate the remainder when 76803 is divided by 300.
3
Calculate the remainder when 806314 is divided by 975.
964
What is the remainder when 31345 is divided by 7836?
1
Calculate the remainder when 1026 is divided by 496.
34
Calculate the remainder when 316385 is divided by 186.
185
Calculate the remainder when 189111 is divided by 2.
1
Calculate the remainder when 24095 is divided by 423.
407
What is the remainder when 32903 is divided by 45?
8
Calculate the remainder when 28870 is divided by 15.
10
Calculate the remainder when 43716 is divided by 14.
8
Calculate the remainder when 125672 is divided by 206.
12
Calculate the remainder when 5378 is divided by 378.
86
What is the remainder when 112253 is divided by 56097?
59
What is the remainder when 11927 is divided by 57?
14
Calculate the remainder when 54296 is divided by 572.
528
Calculate the remainder when 5366 is divided by 1041.
161
What is the remainder when 359356 is divided by 303?
301
Calculate the remainder when 63450 is divided by 547.
545
Calculate the remainder when 1179611 is divided by 151.
150
Calculate the remainder when 2789 is divided by 960.
869
Calculate the remainder when 45929 is divided by 4586.
69
What is the remainder when 13725 is divided by 21?
12
Calculate the remainder when 20797 is divided by 26.
23
Calculate the remainder when 220 is divided by 20.
0
What is the remainder when 4288 is divided by 306?
4
What is the remainder when 5406 is divided by 268?
46
What is the remainder when 9882 is divided by 900?
882
Calculate the remainder when 504154 is divided by 2696.
2
What is the remainder when 24435 is divided by 906?
879
Calculate the remainder when 409338 is divided by 118.
114
What is the remainder when 16309 is divided by 44?
29
What is the remainder when 62013 is divided by 304?
301
Calculate the remainder when 2832 is divided by 309.
51
What is the remainder when 53072 is divided by 185?
162
What is the remainder when 11397 is divided by 160?
37
Calculate the remainder when 26685 is divided by 193.
51
What is the remainder when 17538 is divided by 24?
18
What is the remainder when 29263 is divided by 32?
15
What is the remainder when 36161 is divided by 565?
1
Calculate the remainder when 140622 is divided by 188.
186
What is the remainder when 2628 is divided by 147?
129
What is the remainder when 22942 is divided by 4587?
7
What is the remainder when 167585 is divided by 3?
2
What is the remainder when 3811 is divided by 1244?
79
Calculate the remainder when 122301 is divided by 168.
165
Calculate the remainder when 3419 is divided by 488.
3
Calculate the remainder when 750 is divided by 161.
106
What is the remainder when 3821 is divided by 3774?
47
Calculate the remainder when 188211 is divided by 57.
54
Calculate the remainder when 3713 is divided by 169.
164
What is the remainder when 23647 is divided by 77?
8
Calculate the remainder when 240019 is divided by 1667.
1638
Calculate the remainder when 1668 is divided by 543.
39
What is the remainder when 14252 is divided by 1779?
20
Calculate the remainder when 164079 is divided by 943.
940
Calculate the remainder when 6796 is divided by 3390.
16
What is the remainder when 43032 is divided by 21461?
110
Calculate the remainder when 16434 is divided by 5475.
9
Calculate the remainder when 27225 is divided by 464.
313
Calculate the remainder when 879 is divided by 261.
96
What is the remainder when 122240 is divided by 6790?
20
What is the remainder when 7763 is divided by 70?
63
Calculate the remainder when 2275 is divided by 520.
195
What is the remainder when 46759 is divided by 806?
11
What is the remainder when 124183 is divided by 152?
151
Calculate the remainder when 114218 is divided by 6.
2
Calculate the remainder when 45389 is divided by 15127.
8
Calculate the remainder when 13226 is divided by 179.
159
What is the remainder when 327115 is divided by 23?
9
What is the remainder when 207766 is divided by 63?
55
Calculate the remainder when 38207 is divided by 16.
15
What is the remainder when 18614 is divided by 54?
38
What is the remainder when 24133 is divided by 416?
5
What is the remainder when 790 is divided by 1?
0
Calculate the remainder when 4859 is divided by 397.
95
What is the remainder when 15963 is divided by 431?
16
What is the remainder when 77232 is divided by 55?
12
Calculate the remainder when 68568 is divided by 1714.
8
Calculate the remainder when 39044 is divided by 19.
18
Calculate the remainder when 83179 is divided by 400.
379
What is the remainder when 5593 is divided by 329?
0
What is the remainder when 3204 is divided by 315?
54
Calculate the remainder when 73913 is divided by 342.
41
Calculate the remainder when 3585 is divided by 1773.
39
Calculate the remainder when 7500 is divided by 3281.
938
What is the remainder when 935 is divided by 514?
421
What is the remainder when 2842 is divided by 351?
34
What is the remainder when 5045 is divided by 121?
84
Calculate the remainder when 112675 is divided by 197.
188
Calculate the remainder when 5748 is divided by 1279.
632
What is the remainder when 6094 is divided by 25?
19
Calculate the remainder when 264400 is divided by 69.
61
Calculate the remainder when 136405 is divided by 472.
469
Calculate the remainder when 611 is divided by 101.
5
Calculate the remainder when 179027 is divided by 36.
35
Calculate the remainder when 1020 is divided by 246.
36
What is the remainder when 44761 is divided by 44748?
13
Calculate the remainder when 5221 is divided by 1448.
877
What is the remainder when 185 is divided by 46?
1
Calculate the remainder when 10653 is divided by 178.
151
What is the remainder when 328 is divided by 314?
14
Calculate the remainder when 23763 is divided by 1584.
3
What is the remainder when 157073 is divided by 39267?
5
What is the remainder when 53455 is divided by 105?
10
What is the remainder when 3417420 is divided by 263?
261
Calculate the remainder when 2042 is divided by 106.
28
Calculate the remainder when 10690 is divided by 547.
297
Calculate the remainder when 17880 is divided by 15.
0
Calculate the remainder when 3656 is divided by 366.
362
What is the remainder when 140860 is divided by 14083?
30
What is the remainder when 7143 is divided by 60?
3
What is the remainder when 7858 is divided by 7772?
86
What is the remainder when 874 is divided by 621?
253
What is the remainder when 3388 is divided by 2713?
675
What is the remainder when 19145 is divided by 2672?
441
Calculate the remainder when 320 is divided by 68.
48
Calculate the remainder when 3471 is divided by 2109.
1362
Calculate the remainder when 27850 is divided by 89.
82
Calculate the remainder when 741 is divided by 186.
183
Calculate the remainder when 73392 is divided by 24414.
150
Calculate the remainder when 3110 is divided by 1030.
20
Calculate the remainder when 574933 is divided by 67.
6
Calculate the remainder when 35066 is divided by 3182.
64
Calculate the remainder when 229990 is divided by 56.
54
What is the remainder when 74154 is divided by 444?
6
What is the remainder when 141203 is divided by 33?
29
Calculate the remainder when 1314 is divided by 110.
104
What is the remainder when 2144 is divided by 214?
4
Calculate the remainder when 47365 is divided by 47362.
3
What is the remainder when 13644 is divided by 13624?
20
Calculate the remainder when 450061 is divided by 9.
7
What is the remainder when 3715 is divided by 154?
19
Calculate the remainder when 3846 is divided by 888.
294
Calculate the remainder when 308 is divided by 29.
18
What is the remainder when 28260 is divided by 14126?
8
Calculate th